ded by 13?
11
Let q(f) = f**2 - 15*f + 28. Let p = 18 + -4. What is the remainder when q(18) is divided by p?
12
Suppose -5*q = 19*y - 517, -5*y + q = -4*y - 31. Let m(g) = -2*g - 1. What is the remainder when y is divided by m(-3)?
3
Let n(q) be the first derivative of q**3/3 - q**2/2 - 7*q - 5. Calculate the remainder when 45 is divided by n(6).
22
Let f be 63/15 - (-3)/(-15). Suppose -2*g = -4*g + 240. Suppose -h + g = f*h. Calculate the remainder when h is divided by 13.
11
Suppose 115*k - 117*k = -4. Suppose 78 = k*m - 2. Calculate the remainder when m is divided by 3.
1
What is the remainder when 112 is divided by (-7 + 8)*-68*2/(-4)?
10
Let s = -4 + 6. Suppose -3*a - a = -3*k - 236, 96 = s*a + 4*k. Calculate the remainder when a is divided by 22.
12
Suppose 0 = 4*q + 5*q - 405. Suppose 0 = m + 3*w + 2, w = -0*m + m - 10. Calculate the remainder when (-9)/q + ((-101)/(-5) - 0) is divided by m.
6
Suppose -4*s - 29 = -v - 6, -4*v - s = -160. What is the remainder when 271 is divided by v?
37
Let q(y) = 2*y - y - 3*y + 7*y**2 + y. Let u be q(1). Let c = 12 - u. Calculate the remainder when 10 is divided by c.
4
Suppose 5*z = -0*z + 475. Let p = 2 + z. What is the remainder when p is divided by 14?
13
What is the remainder when ((-2)/(-10))/(11/12815) is divided by 127?
106
Let q = 73 - 73. Suppose q = y - 2*y + 31. Calculate the remainder when 121 is divided by y.
28
Suppose 181*h - 184*h = -27. Let k = -16 + 24. Calculate the remainder when h is divided by k.
1
Let b = -315 + 699. Suppose 3*v + 3*d = b, 4*d + 274 = 4*v - 2*v. Calculate the remainder when v is divided by 44.
43
Suppose -m + 35 = n + 9, 0 = -2*n + 2*m + 36. Let b(d) = -2*d - 2*d**2 - d**2 + 4*d**2 - 7 + 0*d**2. Calculate the remainder when n is divided by b(-3).
6
Let t = 16 - 11. Suppose 6*k - 2*k - 53 = 3*i, -3*i + 100 = t*k. Calculate the remainder when k is divided by 10.
7
Let k = -76 + 80. What is the remainder when 35 is divided by k?
3
Let m(w) = -w + 12. Let x(j) = -j + 8. Let g be x(8). Suppose 0 = 3*a - 0*y + y - 15, -2*y = g. What is the remainder when a is divided by m(8)?
1
Let h(p) = 2*p**2 - 4. Suppose 1 = -3*l + 5*n, 12 = 4*l + 2*n - 4. Calculate the remainder when 41 is divided by h(l).
13
Suppose -79*n = -55*n - 312. What is the remainder when 21 is divided by n?
8
Let g(i) = 8*i + 1. Let b(t) = -t + 10. Let n be b(6). Suppose 9*z - y - 7 = 4*z, -z + n*y = -9. What is the remainder when 16 is divided by g(z)?
7
Let o(i) = i**2 + i + 10. Let z be (6/(-18))/((-1)/12). Suppose 2*m = -z*a + 70, -4*m - 3*a + 132 = 7. Calculate the remainder when m is divided by o(0).
9
Suppose 8*b = 5*b - 63. Let p = -17 - b. Suppose r - 24 = -p*l, 2*r + 5*l - 85 = -2*r. Calculate the remainder when r is divided by 11.
9
Let h(z) = -z + 7. Let q be h(-10). Suppose 2*l + 0 + 4 = 2*w, q = w + 4*l. Suppose -65 + 195 = w*x. Calculate the remainder when 102 is divided by x.
24
Let r(k) be the third derivative of k**4/24 + 5*k**3/3 + k**2. Let n be r(-8). Calculate the remainder when n/4 - (-185)/10 is divided by 11.
8
Suppose -24 = -u + 22. What is the remainder when 319 is divided by u?
43
Let z be -2*(-2 + 32)*138/(-15). Let x = -259 + z. What is the remainder when x is divided by 49?
48
Suppose -327*m = -335*m + 368. Let l = 34 + -18. What is the remainder when m is divided by l?
14
Let v = 1304 + -968. Calculate the remainder when v is divided by 85.
81
Calculate the remainder when (-5 - 22 - 0)/(-1) is divided by 9.
0
Let b = 62 - 52. What is the remainder when 32 is divided by b?
2
Calculate the remainder when 552/15 + 15/75 is divided by 13.
11
Suppose 3*o = o + 6. Suppose 0 = o*b - 81 - 36. Let m = 401 - 387. Calculate the remainder when b is divided by m.
11
Suppose t + 3*c - 4 = 0, t + 7*c - 12*c - 4 = 0. Calculate the remainder when 2/20*t*90 is divided by (19/2)/(2/4).
17
Let p = 1675 + -1470. Calculate the remainder when p is divided by 16.
13
Let j(o) = -o**3 + 5*o**2 + 7*o - 2. Let l be j(5). Let f = l + -13. Calculate the remainder when ((-148)/14)/(4/(-28)*2) is divided by f.
17
Suppose -x = 2*x + 30. Suppose -7*q - 43 = -197. Let r = x + q. Calculate the remainder when 34 is divided by r.
10
Let f = 122 - 99. Let m(b) = -b**2 + 3*b + 91. Let q(y) = 3*y**2 - 7*y - 183. Let i(a) = 5*m(a) + 2*q(a). What is the remainder when i(0) is divided by f?
20
Suppose 5*n = n + 152. Suppose -o + 14 + 82 = 5*z, 5*o + 5*z - 500 = 0. Let h = o - n. What is the remainder when h is divided by 16?
15
Let p = 124 - 119. What is the remainder when 3/(280/265 - 1) is divided by p?
3
Suppose 17 = 5*x + 4*k, 2*k + 2 = -x + 3*k. Suppose z + x = 3. Suppose z*t + 41 = 247. What is the remainder when t is divided by 21?
19
Suppose -3*f - 2*g + 5*g = -3, 0 = 4*g - 4. Calculate the remainder when 10 - (-1 + 3 + f) is divided by 3.
0
Let m = 48 + -28. Let y(b) = -48*b - 276. What is the remainder when m is divided by y(-6)?
8
Suppose -32 = -2*q + 124. Let y(t) = -4*t. Let k be y(13). Let o = k + q. Calculate the remainder when 75 is divided by o.
23
Let c = 47 - 25. Suppose -4*l = 8, 2*l - l - c = -3*f. Let o = 29 - 26. Calculate the remainder when f is divided by o.
2
Suppose 70 = 4*s - 2*g, -7*s + 4*s - 3*g = -75. What is the remainder when 158 is divided by s?
18
Let a(v) = -2*v + 44. What is the remainder when 527 is divided by a(0)?
43
Let u(b) = b**3 + 5*b**2 - b + 2. Suppose 0 = -2*a - 8 - 2. What is the remainder when 1*64*(-1)/(-2) is divided by u(a)?
4
Let g(a) = -5*a + 4. Let j be g(0). Calculate the remainder when 51 is divided by (6/j)/((-2)/(-6))*6.
24
Suppose -12 = -c - 2*c. Let w be 1/4*c + 47. Let s = w - 19. Calculate the remainder when s is divided by 16.
13
What is the remainder when 43 is divided by 210/12 - -6 - (-3)/6?
19
Suppose 2*r = 2*u + 4*r - 62, 0 = -4*u - r + 121. Calculate the remainder when 3 is divided by ((-24)/u)/((-2)/5).
1
Let s(j) be the second derivative of -1/2*j**3 + 0 + 12*j - 4*j**2. Calculate the remainder when 11 is divided by s(-5).
4
Let l = -37 + 39. Let s(d) = d + 6. Let r be s(-5). Let b = r - -1. What is the remainder when b is divided by l?
0
Let h = -2 + 5. Suppose k - d - h*d - 7 = 0, -4 = -2*d. Calculate the remainder when 56 is divided by k.
11
Suppose 0 = 3*d + 40 + 44. Let x = d - -52. What is the remainder when x is divided by -3*(0 + -1 + -2)?
6
Suppose 0*p - 4*p = -3*w - 392, 4*w = -2*p + 218. Calculate the remainder when p is divided by 13.
10
Suppose 7*c + 2 = 30. Suppose c*t - 49 = -4*l - t, -2*t - 54 = -3*l. Calculate the remainder when 94 is divided by l.
14
Let d(f) = 2*f**2 + f - 121. Calculate the remainder when 52 is divided by d(8).
7
Let w(r) = 3*r - 3. Let h(a) = -a + 14. Let v be h(14). Suppose -3*c + 3 = v, 2*u - 3*u + 35 = 2*c. Calculate the remainder when u is divided by w(5).
9
What is the remainder when 2/(-5) - ((-976)/40 + -4) is divided by 1/(-2) - (-189)/18?
8
Suppose 2908 = 33*j - 12470. Calculate the remainder when j is divided by 120.
106
Let p = 12 + -3. Let f = 5 + p. Let c(a) = a**3 - 13*a**2 - 11*a - 14. Calculate the remainder when c(f) is divided by 16.
12
Let j(k) = -k**3 + 15*k**2 - k + 14. Let q be j(15). Let w be -4 + 1 - (-101 - q). Suppose 5*g - w = -17. Calculate the remainder when 61 is divided by g.
13
Suppose 11*w + 5*y - 130 = 10*w, 2*y + 116 = w. What is the remainder when w is divided by 56?
8
Let d(v) = v**3 + 4*v**2 - 6*v + 2. Let c be (-8*(0 - 1))/2. Suppose 3*j - 36 - c = -q, 0 = 3*j + 2*q - 44. What is the remainder when j is divided by d(-5)?
5
Suppose -2*c - 2*c + 616 = -3*b, -5*c + 773 = -3*b. What is the remainder when c is divided by 27?
22
Let o = 9 + -9. Suppose -n + 30 + 3 = -4*w, 2*n - w - 31 = o. Let q = 19 - -32. What is the remainder when q is divided by n?
12
What is the remainder when (16/10)/(-8)*-10 + 118 is divided by 31?
27
Let c(o) = -o**2 - 12*o + 19. Let l(k) = 5*k - 6. Let h be l(-8). Let q = h - -67. Calculate the remainder when c(-10) is divided by q.
18
Suppose -h + y + 341 = 0, -3*h + h - 3*y + 657 = 0. What is the remainder when h is divided by 68?
64
Suppose 6 = 2*t, 3*t + 63 = -3*j - 9. Let q(u) = -u**2 - 31*u - 38. Calculate the remainder when 347 is divided by q(j).
67
Suppose -17*c + 13*c + 176 = -4*v, 0 = 2*c + 5*v - 60. Calculate the remainder when 1